{"id":105,"date":"2024-05-27T12:04:41","date_gmt":"2024-05-27T10:04:41","guid":{"rendered":"http:\/\/www.cbplomberie.re\/?page_id=105"},"modified":"2024-05-27T12:04:41","modified_gmt":"2024-05-27T10:04:41","slug":"parametres-des-cookies","status":"publish","type":"page","link":"https:\/\/www.cbplomberie.re\/index.php\/parametres-des-cookies\/","title":{"rendered":"Param\u00e8tres des cookies"},"content":{"rendered":"\n<p><\/p>\n\n\n\n<h2 class=\"wp-block-heading has-text-align-center has-text-color\" style=\"color:#0c4ab2;font-size:clamp(29.768px, 1.861rem + ((1vw - 3.2px) * 2.526), 52px);font-style:normal;font-weight:600\">Param\u00e8tres des cookies<\/h2>\n\n\n\n<p class=\"has-text-color has-link-color wp-elements-c9488cc668f4cfead509f433a34b1aad\" style=\"color:#0c4ab2\"><strong>1. Introduction<\/strong><\/p>\n\n\n\n<p>Le site www.cbplomberie.re utilise des cookies pour am\u00e9liorer l&#8217;exp\u00e9rience de navigation des utilisateurs et offrir des services personnalis\u00e9s. Cette politique de cookies explique ce que sont les cookies, comment nous les utilisons, et comment vous pouvez g\u00e9rer vos pr\u00e9f\u00e9rences.<\/p>\n\n\n\n<p class=\"has-text-color has-link-color wp-elements-839c6164a34314ef796f1b6f732329e6\" style=\"color:#0c4ab2\"><strong>2. Qu&#8217;est-ce qu&#8217;un cookie ?<\/strong><\/p>\n\n\n\n<p>Un cookie est un petit fichier texte plac\u00e9 sur votre appareil (ordinateur, tablette, smartphone) lorsque vous visitez un site web. Les cookies permettent aux sites de reconna\u00eetre votre appareil et de m\u00e9moriser vos pr\u00e9f\u00e9rences et actions ant\u00e9rieures.<\/p>\n\n\n\n<p class=\"has-text-color has-link-color wp-elements-af1bb0f56b119affeee42eb4c17901f7\" style=\"color:#0c4ab2\"><strong>3. Types de cookies utilis\u00e9s<\/strong><\/p>\n\n\n\n<p>Nous utilisons diff\u00e9rents types de cookies pour diff\u00e9rentes raisons :<\/p>\n\n\n\n<ul class=\"wp-block-list\">\n<li><strong>Cookies strictement n\u00e9cessaires<\/strong> : Ces cookies sont essentiels pour vous permettre de naviguer sur le site et d&#8217;utiliser ses fonctionnalit\u00e9s, comme l&#8217;acc\u00e8s aux zones s\u00e9curis\u00e9es du site. Sans ces cookies, certains services que vous avez demand\u00e9s ne peuvent pas \u00eatre fournis.<\/li>\n\n\n\n<li><strong>Cookies de performance<\/strong> : Ces cookies collectent des informations sur la fa\u00e7on dont les visiteurs utilisent un site web, par exemple les pages que les visiteurs consultent le plus souvent et s&#8217;ils re\u00e7oivent des messages d&#8217;erreur de pages web. Ces cookies ne collectent pas d&#8217;informations qui identifient un visiteur. Toutes les informations collect\u00e9es par ces cookies sont agr\u00e9g\u00e9es et donc anonymes. Elles sont uniquement utilis\u00e9es pour am\u00e9liorer le fonctionnement d&#8217;un site web.<\/li>\n\n\n\n<li><strong>Cookies de fonctionnalit\u00e9<\/strong> : Ces cookies permettent au site de se souvenir des choix que vous faites (comme votre nom d&#8217;utilisateur, votre langue ou la r\u00e9gion dans laquelle vous vous trouvez) et de fournir des fonctionnalit\u00e9s am\u00e9lior\u00e9es et plus personnelles. Par exemple, un site peut \u00eatre capable de vous fournir des bulletins m\u00e9t\u00e9orologiques locaux ou des informations sur le trafic en stockant dans un cookie la r\u00e9gion dans laquelle vous vous trouvez actuellement. Ces cookies peuvent \u00e9galement \u00eatre utilis\u00e9s pour se souvenir des modifications que vous avez apport\u00e9es \u00e0 la taille du texte, aux polices et \u00e0 d&#8217;autres parties des pages web que vous pouvez personnaliser.<\/li>\n\n\n\n<li><strong>Cookies de ciblage ou publicitaires<\/strong> : Ces cookies sont utilis\u00e9s pour diffuser des publicit\u00e9s plus pertinentes pour vous et vos int\u00e9r\u00eats. Ils sont \u00e9galement utilis\u00e9s pour limiter le nombre de fois que vous voyez une publicit\u00e9 et pour aider \u00e0 mesurer l&#8217;efficacit\u00e9 de la campagne publicitaire. Ils sont g\u00e9n\u00e9ralement plac\u00e9s par des r\u00e9seaux publicitaires avec l&#8217;autorisation de l&#8217;exploitant du site web.<\/li>\n<\/ul>\n\n\n\n<p class=\"has-text-color has-link-color wp-elements-b1210b52b5c242d9e663f501ec496819\" style=\"color:#0c4ab2\"><strong>4. Gestion des cookies<\/strong><\/p>\n\n\n\n<p>Vous pouvez g\u00e9rer vos pr\u00e9f\u00e9rences en mati\u00e8re de cookies \u00e0 tout moment via notre banni\u00e8re de gestion des cookies, qui s\u2019affiche lors de votre premi\u00e8re visite sur notre site ou en cliquant sur le lien &#8220;Param\u00e8tres de cookies&#8221; en bas de chaque page de notre site.<\/p>\n\n\n\n<p class=\"has-text-color has-link-color wp-elements-f873d9419131bcfb2f78368118f89434\" style=\"color:#0c4ab2\"><strong>5. Comment d\u00e9sactiver les cookies ?<\/strong><\/p>\n\n\n\n<p>Vous pouvez configurer votre navigateur pour qu&#8217;il accepte ou refuse tous les cookies, ou pour qu&#8217;il vous avertisse lorsque des cookies sont envoy\u00e9s. Chaque navigateur \u00e9tant diff\u00e9rent, veuillez consulter le menu &#8220;Aide&#8221; de votre navigateur pour savoir comment modifier vos pr\u00e9f\u00e9rences en mati\u00e8re de cookies. Voici les liens pour les param\u00e8tres de cookies des navigateurs les plus populaires :<\/p>\n\n\n\n<ul class=\"wp-block-list\">\n<li><a>Google Chrome<\/a><\/li>\n\n\n\n<li><a href=\"https:\/\/support.mozilla.org\/fr\/kb\/activer-desactiver-cookies\">Mozilla Firefox<\/a><\/li>\n\n\n\n<li><a href=\"https:\/\/support.apple.com\/fr-fr\/guide\/safari\/sfri11471\/mac\">Safari<\/a><\/li>\n\n\n\n<li><a href=\"https:\/\/support.microsoft.com\/fr-fr\/help\/4027947\/windows-delete-cookies\">Microsoft Edge<\/a><\/li>\n\n\n\n<li><a>Opera<\/a><\/li>\n<\/ul>\n\n\n\n<p>Veuillez noter que si vous d\u00e9sactivez les cookies, certaines fonctionnalit\u00e9s de notre site pourraient ne pas fonctionner correctement.<\/p>\n\n\n\n<p class=\"has-text-color has-link-color wp-elements-e020bb5fb7212587344b7a0b53f3c6e5\" style=\"color:#0c4ab2\"><strong>6. Modifications de la politique de cookies<\/strong><\/p>\n\n\n\n<p>Nous pouvons \u00eatre amen\u00e9s \u00e0 mettre \u00e0 jour cette politique de cookies de temps \u00e0 autre. Nous vous encourageons \u00e0 consulter cette page r\u00e9guli\u00e8rement pour \u00eatre inform\u00e9 de toute modification.<\/p>\n\n\n\n<p class=\"has-text-color has-link-color wp-elements-e181531fd93e3e530c33efbba9b65cbe\" style=\"color:#0c4ab2\"><strong>7. Contactez-nous<\/strong><\/p>\n\n\n\n<p>Si vous avez des questions concernant notre politique de cookies, veuillez nous contacter \u00e0 :<\/p>\n\n\n\n<p><strong>CB Plomberie<\/strong><br>89 Rue Leconte de Lisle, 97460 Saint-Paul <br>E-mail : cbp.contact@gmail.com<br>T\u00e9l\u00e9phone : 0693 85 13 95<\/p>\n\n\n\n<p>Date de la derni\u00e8re mise \u00e0 jour : 27\/05\/2024<\/p>\n\n\n\n<hr class=\"wp-block-separator has-alpha-channel-opacity\"\/>\n\n\n\n<p>Cette politique de cookies est con\u00e7ue pour garantir la transparence et le contr\u00f4le des utilisateurs sur la gestion des cookies sur notre site internet.<\/p>\n","protected":false},"excerpt":{"rendered":"<p>Param\u00e8tres des cookies 1. Introduction Le site www.cbplomberie.re utilise des cookies pour am\u00e9liorer l&#8217;exp\u00e9rience de navigation des utilisateurs et offrir des services personnalis\u00e9s. Cette politique de cookies explique ce que sont les cookies, comment nous les utilisons, et comment vous pouvez g\u00e9rer vos pr\u00e9f\u00e9rences. 2. Qu&#8217;est-ce qu&#8217;un cookie ? Un cookie est un petit fichier [&hellip;]<\/p>\n","protected":false},"author":1,"featured_media":0,"parent":0,"menu_order":0,"comment_status":"closed","ping_status":"closed","template":"","meta":{"footnotes":""},"class_list":["post-105","page","type-page","status-publish","hentry"],"_links":{"self":[{"href":"https:\/\/www.cbplomberie.re\/index.php\/wp-json\/wp\/v2\/pages\/105","targetHints":{"allow":["GET"]}}],"collection":[{"href":"https:\/\/www.cbplomberie.re\/index.php\/wp-json\/wp\/v2\/pages"}],"about":[{"href":"https:\/\/www.cbplomberie.re\/index.php\/wp-json\/wp\/v2\/types\/page"}],"author":[{"embeddable":true,"href":"https:\/\/www.cbplomberie.re\/index.php\/wp-json\/wp\/v2\/users\/1"}],"replies":[{"embeddable":true,"href":"https:\/\/www.cbplomberie.re\/index.php\/wp-json\/wp\/v2\/comments?post=105"}],"version-history":[{"count":1,"href":"https:\/\/www.cbplomberie.re\/index.php\/wp-json\/wp\/v2\/pages\/105\/revisions"}],"predecessor-version":[{"id":106,"href":"https:\/\/www.cbplomberie.re\/index.php\/wp-json\/wp\/v2\/pages\/105\/revisions\/106"}],"wp:attachment":[{"href":"https:\/\/www.cbplomberie.re\/index.php\/wp-json\/wp\/v2\/media?parent=105"}],"curies":[{"name":"wp","href":"https:\/\/api.w.org\/{rel}","templated":true}]}}