{"id":59,"date":"2024-05-27T08:45:18","date_gmt":"2024-05-27T06:45:18","guid":{"rendered":"http:\/\/www.cbplomberie.re\/?page_id=59"},"modified":"2024-05-30T07:07:30","modified_gmt":"2024-05-30T05:07:30","slug":"nos-services","status":"publish","type":"page","link":"https:\/\/www.cbplomberie.re\/index.php\/nos-services\/","title":{"rendered":"Nos services"},"content":{"rendered":"\n<div class=\"wp-block-cover alignfull\" style=\"margin-top:0;margin-bottom:0;min-height:640px;aspect-ratio:unset;\"><span aria-hidden=\"true\" class=\"wp-block-cover__background has-background-dim-20 has-background-dim\" style=\"background-color:#7f7872\"><\/span><img loading=\"lazy\" decoding=\"async\" width=\"1920\" height=\"1440\" class=\"wp-block-cover__image-background wp-image-79\" alt=\"\" src=\"http:\/\/www.cbplomberie.re\/wp-content\/uploads\/2024\/05\/brett-jordan-PFMz8RkPn8E-unsplash.jpg\" style=\"object-position:54% 100%\" data-object-fit=\"cover\" data-object-position=\"54% 100%\" srcset=\"https:\/\/www.cbplomberie.re\/wp-content\/uploads\/2024\/05\/brett-jordan-PFMz8RkPn8E-unsplash.jpg 1920w, https:\/\/www.cbplomberie.re\/wp-content\/uploads\/2024\/05\/brett-jordan-PFMz8RkPn8E-unsplash-300x225.jpg 300w, https:\/\/www.cbplomberie.re\/wp-content\/uploads\/2024\/05\/brett-jordan-PFMz8RkPn8E-unsplash-1024x768.jpg 1024w, https:\/\/www.cbplomberie.re\/wp-content\/uploads\/2024\/05\/brett-jordan-PFMz8RkPn8E-unsplash-768x576.jpg 768w, https:\/\/www.cbplomberie.re\/wp-content\/uploads\/2024\/05\/brett-jordan-PFMz8RkPn8E-unsplash-1536x1152.jpg 1536w\" sizes=\"auto, (max-width: 1920px) 100vw, 1920px\" \/><div class=\"wp-block-cover__inner-container is-layout-flow wp-block-cover-is-layout-flow\">\n<p class=\"has-text-align-center has-large-font-size\"><\/p>\n<\/div><\/div>\n\n\n\n<div class=\"wp-block-group alignwide has-global-padding is-layout-constrained wp-container-core-group-is-layout-fc390a6b wp-block-group-is-layout-constrained\" style=\"margin-top:0;margin-bottom:0;padding-top:100px;padding-bottom:130px\">\n<h2 class=\"wp-block-heading has-text-align-center has-text-color\" style=\"color:#0c4ab2;font-size:clamp(26.944px, 1.684rem + ((1vw - 3.2px) * 2.165), 46px);font-style:normal;font-weight:600\">Services de plomberie<\/h2>\n\n\n\n<p class=\"has-text-align-center has-text-color\" style=\"color:#28467f;font-size:clamp(14px, 0.875rem + ((1vw - 3.2px) * 0.227), 16px);\">Lorsqu&#8217;il s&#8217;agit de vos besoins en mati\u00e8re de plomberie, nous sommes l\u00e0 pour vous. Cl\u00e9ment Bernasse Plomberie est sp\u00e9cialiste dans l&#8217;installation et la r\u00e9paration de syst\u00e8me de plomberie. Qu&#8217;il s&#8217;agisse de r\u00e9parer des fuites d&#8217;eau, de remplacer des chasses d&#8217;eau ou de sceller des joints, nous avons les comp\u00e9tences et l&#8217;exp\u00e9rience n\u00e9cessaires pour bien faire le travail. <\/p>\n\n\n\n<p class=\"has-text-align-center has-text-color\" style=\"color:#28467f;font-size:clamp(14px, 0.875rem + ((1vw - 3.2px) * 0.227), 16px);\">Nous comprenons les inconv\u00e9nients des probl\u00e8mes de plomberie et c&#8217;est pourquoi nous donnons la priorit\u00e9 \u00e0 un service rapide et efficace. Notre objectif est de fournir des solutions fiables qui vous permettent d&#8217;avoir l&#8217;esprit tranquille. Des petites r\u00e9parations aux grandes installations, nous nous engageons \u00e0 fournir des services de plomberie de premier ordre dans toute la r\u00e9gion Ouest de l&#8217;\u00cele De La R\u00e9union, le Nord et le Sud. <\/p>\n\n\n\n<div class=\"wp-block-buttons is-content-justification-center is-layout-flex wp-container-core-buttons-is-layout-660f9ef0 wp-block-buttons-is-layout-flex\" style=\"margin-top:40px\">\n<div class=\"wp-block-button has-custom-font-size\" style=\"font-size:clamp(14px, 0.875rem + ((1vw - 3.2px) * 0.455), 18px);\"><a class=\"wp-block-button__link has-text-color has-background wp-element-button\" href=\"http:\/\/www.cbplomberie.re\/index.php\/contact\/\" style=\"border-style:none;border-width:0px;border-radius:30px;color:#ffffff;background-color:#0c4ab2;padding-top:15px;padding-right:25px;padding-bottom:15px;padding-left:25px\">Demandez un devis<\/a><\/div>\n<\/div>\n<\/div>\n\n\n\n<div class=\"wp-block-group alignfull has-background has-global-padding is-layout-constrained wp-container-core-group-is-layout-8f190b32 wp-block-group-is-layout-constrained\" style=\"background-color:#efeee7;margin-top:0;margin-bottom:0;padding-top:100px;padding-bottom:100px\">\n<h4 class=\"wp-block-heading has-text-align-center has-text-color\" style=\"color:#0c4ab2;font-size:clamp(26.944px, 1.684rem + ((1vw - 3.2px) * 2.165), 46px);font-style:normal;font-weight:600\">Pour les particuliers et les professionnels<\/h4>\n\n\n\n<div style=\"height:30px\" aria-hidden=\"true\" class=\"wp-block-spacer\"><\/div>\n\n\n\n<div class=\"wp-block-columns is-layout-flex wp-container-core-columns-is-layout-28f84493 wp-block-columns-is-layout-flex\">\n<div class=\"wp-block-column is-layout-flow wp-block-column-is-layout-flow\">\n<figure class=\"wp-block-image alignleft size-full is-resized\"><img decoding=\"async\" src=\"https:\/\/tyler.com\/wp-content\/uploads\/2023\/11\/Untitled-4.png\" alt=\"\" class=\"wp-image-3478\" style=\"width:120px\"\/><\/figure>\n<\/div>\n\n\n\n<div class=\"wp-block-column is-layout-flow wp-block-column-is-layout-flow\">\n<figure class=\"wp-block-image aligncenter size-full is-resized\"><img decoding=\"async\" src=\"https:\/\/tyler.com\/wp-content\/uploads\/2023\/11\/Untitled-3.png\" alt=\"\" class=\"wp-image-3477\" style=\"width:120px\"\/><\/figure>\n<\/div>\n\n\n\n<div class=\"wp-block-column is-layout-flow wp-block-column-is-layout-flow\">\n<figure class=\"wp-block-image alignright size-full is-resized\"><img decoding=\"async\" src=\"https:\/\/tyler.com\/wp-content\/uploads\/2023\/11\/Untitled-2.png\" alt=\"\" class=\"wp-image-3476\" style=\"width:120px\"\/><\/figure>\n<\/div>\n<\/div>\n<\/div>\n\n\n\n<div class=\"wp-block-group alignwide has-global-padding is-layout-constrained wp-container-core-group-is-layout-144f91a3 wp-block-group-is-layout-constrained\" style=\"margin-top:0;margin-bottom:0;padding-top:130px;padding-bottom:130px\">\n<div class=\"wp-block-group alignfull has-global-padding is-layout-constrained wp-container-core-group-is-layout-28740690 wp-block-group-is-layout-constrained\" style=\"margin-top:0;margin-bottom:0;padding-top:100px;padding-bottom:100px\">\n<div class=\"wp-block-columns is-layout-flex wp-container-core-columns-is-layout-6c1444e2 wp-block-columns-is-layout-flex\">\n<div class=\"wp-block-column is-layout-flow wp-container-core-column-is-layout-3ca914a4 wp-block-column-is-layout-flow\">\n<h5 class=\"wp-block-heading has-text-align-center has-text-color\" style=\"color:#0c4ab2;font-size:clamp(15.747px, 0.984rem + ((1vw - 3.2px) * 0.938), 24px);font-style:normal;font-weight:600;text-transform:uppercase\"><strong><strong>Installation de syst\u00e8me de plomberie<\/strong><\/strong><\/h5>\n\n\n\n<p class=\"has-text-align-center has-text-color\" style=\"color:#28467f;font-size:14px\">Assurez-vous d&#8217;une installation de plomberie fiable et durable avec CB Plomberie. Nous offrons des services d&#8217;installations complets pour les syst\u00e8mes de plomberie r\u00e9sidentiels et commerciaux, les r\u00e9seaux de distribution d&#8217;eau potable, l&#8217;\u00e9vacuation des eaux us\u00e9es et l&#8217;installation de chauffe-eau et de syst\u00e8mes de chauffage. <\/p>\n\n\n\n<p class=\"has-text-align-center has-text-color\" style=\"color:#28467f;font-size:14px\">Notre expert qualifi\u00e9 garantit des installations conformes aux normes en vigueur, avec des mat\u00e9riaux de haute qualit\u00e9 et un souci du d\u00e9tail. <\/p>\n<\/div>\n\n\n\n<div class=\"wp-block-column is-layout-flow wp-container-core-column-is-layout-3ca914a4 wp-block-column-is-layout-flow\">\n<h5 class=\"wp-block-heading has-text-align-center has-text-color\" style=\"color:#0c4ab2;font-size:clamp(15.747px, 0.984rem + ((1vw - 3.2px) * 0.938), 24px);font-style:normal;font-weight:600;text-transform:uppercase\"><strong><strong><strong>Ma\u00eetre d&#8217;oeuvre<\/strong><\/strong><\/strong><\/h5>\n\n\n\n<p class=\"has-text-align-center has-text-color\" style=\"color:#28467f;font-size:14px\">Confiez nous la gestion compl\u00e8te de vos projets de plomberie. En tant que ma\u00eetre d&#8217;\u0153uvre, nous assurons la coordination des travaux du d\u00e9but \u00e0 la fin, la s\u00e9lection et supervision des artisans qualifi\u00e9s, le respect des d\u00e9lais et du budget, le suivi rigoureux de la qualit\u00e9 et de la conformit\u00e9 des installations. <\/p>\n\n\n\n<p class=\"has-text-align-center has-text-color\" style=\"color:#28467f;font-size:14px\">Chaque projet est unique, c&#8217;est pourquoi nous offrons des services sur devis pour r\u00e9pondre sp\u00e9cifiquement \u00e0 vos besoins. Notre expertise garantit une r\u00e9alisation sans faille, conforme aux normes et \u00e0 vos exigences. <\/p>\n<\/div>\n<\/div>\n\n\n\n<div style=\"height:49px\" aria-hidden=\"true\" class=\"wp-block-spacer\"><\/div>\n\n\n\n<div class=\"wp-block-columns is-layout-flex wp-container-core-columns-is-layout-6c1444e2 wp-block-columns-is-layout-flex\">\n<div class=\"wp-block-column is-layout-flow wp-container-core-column-is-layout-3ca914a4 wp-block-column-is-layout-flow\">\n<h5 class=\"wp-block-heading has-text-align-center has-text-color\" style=\"color:#0c4ab2;font-size:clamp(15.747px, 0.984rem + ((1vw - 3.2px) * 0.938), 24px);font-style:normal;font-weight:600;text-transform:uppercase\"><strong><strong>R\u00e9parations et d\u00e9pannages<\/strong><\/strong><\/h5>\n\n\n\n<p class=\"has-text-align-center has-text-color\" style=\"color:#28467f;font-size:14px\">Besoin d&#8217;une intervention rapide et efficace pour vos probl\u00e8mes de plomberie ? Nous proposons des r\u00e9parations de fuites et canalisations endommag\u00e9es, le d\u00e9bouchage de tuyaux et \u00e9viers, le remplacement de robinets, joints et autres pi\u00e8ces d\u00e9fectueuses et des d\u00e9pannages d&#8217;urgence. <\/p>\n\n\n\n<p class=\"has-text-align-center has-text-color\" style=\"color:#28467f;font-size:14px\">Notre plombier qualifi\u00e9s interviennent rapidement pour r\u00e9soudre tous vos soucis de plomberie, garantissant des r\u00e9parations durables et de qualit\u00e9. <\/p>\n<\/div>\n\n\n\n<div class=\"wp-block-column is-layout-flow wp-container-core-column-is-layout-3ca914a4 wp-block-column-is-layout-flow\">\n<h5 class=\"wp-block-heading has-text-align-center has-text-color\" style=\"color:#0c4ab2;font-size:clamp(15.747px, 0.984rem + ((1vw - 3.2px) * 0.938), 24px);font-style:normal;font-weight:600;text-transform:uppercase\"><strong><strong><strong>EnTRETIEN de syst\u00e8me de plomberie<\/strong><\/strong><\/strong><\/h5>\n\n\n\n<p class=\"has-text-align-center has-text-color\" style=\"color:#28467f;font-size:14px\">Maintenez votre syst\u00e8me de plomberie en parfait \u00e9tat avec notre servie d&#8217;entretien professionnel. Nous offrons l&#8217;inspections compl\u00e8te des installations, le nettoyage des canalisations et des filtres, la v\u00e9rification des joints et des raccords et la pr\u00e9vention des fuites et des blocages. <\/p>\n\n\n\n<p class=\"has-text-align-center has-text-color\" style=\"color:#28467f;font-size:14px\">Un entretien r\u00e9gulier permet de prolonger la dur\u00e9e de vie de votre syst\u00e8me de plomberie et de pr\u00e9venir les pannes co\u00fbteuses. <\/p>\n<\/div>\n<\/div>\n\n\n\n<div style=\"height:49px\" aria-hidden=\"true\" class=\"wp-block-spacer\"><\/div>\n\n\n\n<div class=\"wp-block-columns is-layout-flex wp-container-core-columns-is-layout-6c1444e2 wp-block-columns-is-layout-flex\">\n<div class=\"wp-block-column is-layout-flow wp-container-core-column-is-layout-3ca914a4 wp-block-column-is-layout-flow\">\n<h5 class=\"wp-block-heading has-text-align-center has-text-color\" style=\"color:#0c4ab2;font-size:clamp(15.747px, 0.984rem + ((1vw - 3.2px) * 0.938), 24px);font-style:normal;font-weight:600;text-transform:uppercase\"><strong><strong>Forfait Petit D\u00e9pannage 80\u20ac<\/strong><\/strong><\/h5>\n\n\n\n<p class=\"has-text-align-center has-text-color\" style=\"color:#28467f;font-size:14px\">Notre forfait de d\u00e9pannage plomberie pour l&#8217;Ouest de l&#8217;\u00cele inclut les frais de d\u00e9placement et la r\u00e9paration compl\u00e8te.<\/p>\n\n\n\n<p class=\"has-text-align-center has-text-color\" style=\"color:#28467f;font-size:14px\">Un service rapide et efficace. Nous nous assurons que chaque intervention soit effectu\u00e9es avec soins et professionnalisme. <\/p>\n\n\n\n<p class=\"has-text-align-center has-text-color\" style=\"color:#28467f;font-size:14px\">*<em>Pour les d\u00e9placements dans le Nord et le Sud de l&#8217;\u00cele de La R\u00e9union, le forfait est \u00e0 100\u20ac.<\/em><\/p>\n<\/div>\n\n\n\n<div class=\"wp-block-column is-layout-flow wp-container-core-column-is-layout-3ca914a4 wp-block-column-is-layout-flow\">\n<h5 class=\"wp-block-heading has-text-align-center has-text-color\" style=\"color:#0c4ab2;font-size:clamp(15.747px, 0.984rem + ((1vw - 3.2px) * 0.938), 24px);font-style:normal;font-weight:600;text-transform:uppercase\"><strong><strong><strong>EnTRETIEN CLIMATISATION<\/strong><\/strong><\/strong><\/h5>\n\n\n\n<p class=\"has-text-align-center has-text-color\" style=\"color:#28467f;font-size:14px\">Assurez le bon fonctionnement et la long\u00e9vit\u00e9 de votre syst\u00e8me de climatisation avec notre service professionnel d&#8217;entretien incluant le nettoyage et d\u00e9sinfection des filtres et des unit\u00e9s int\u00e9rieures et ext\u00e9rieures, la v\u00e9rification des niveaux de r\u00e9frig\u00e9rant et ajustements n\u00e9cessaires, l&#8217;inspection des composants pour d\u00e9tecter toute usure ou dysfonctionnement et l&#8217;optimisation des performances pour une efficacit\u00e9 \u00e9nerg\u00e9tique maximale. <\/p>\n\n\n\n<p class=\"has-text-align-center has-text-color\" style=\"color:#28467f;font-size:14px\">B\u00e9n\u00e9ficiez d&#8217;un air plus pur, d&#8217;une consommation d&#8217;\u00e9nergie r\u00e9duite, et d&#8217;un syst\u00e8me qui fonctionne parfaitement toute l&#8217;ann\u00e9e.<\/p>\n<\/div>\n<\/div>\n<\/div>\n\n\n\n<h5 class=\"wp-block-heading has-text-align-center has-text-color\" style=\"color:#0c4ab2;font-size:clamp(14px, 0.875rem + ((1vw - 3.2px) * 0.682), 20px);font-style:normal;font-weight:600;text-transform:none\"><em>*Frais de d\u00e9placement pour l&#8217;Ouest : entre 20\u20ac et 30\u20ac<\/em><\/h5>\n\n\n\n<h5 class=\"wp-block-heading has-text-align-center has-text-color\" style=\"color:#0c4ab2;font-size:clamp(14px, 0.875rem + ((1vw - 3.2px) * 0.682), 20px);font-style:normal;font-weight:600;text-transform:none\"><em> *Frais de d\u00e9placement pour le Nord et le Sud: 50\u20ac<\/em><\/h5>\n<\/div>\n\n\n\n<figure class=\"wp-block-image alignwide size-large\"><img loading=\"lazy\" decoding=\"async\" width=\"1024\" height=\"683\" src=\"http:\/\/www.cbplomberie.re\/wp-content\/uploads\/2024\/05\/27146-1024x683.jpg\" alt=\"\" class=\"wp-image-125\" srcset=\"https:\/\/www.cbplomberie.re\/wp-content\/uploads\/2024\/05\/27146-1024x683.jpg 1024w, https:\/\/www.cbplomberie.re\/wp-content\/uploads\/2024\/05\/27146-300x200.jpg 300w, https:\/\/www.cbplomberie.re\/wp-content\/uploads\/2024\/05\/27146-768x512.jpg 768w, https:\/\/www.cbplomberie.re\/wp-content\/uploads\/2024\/05\/27146.jpg 1500w\" sizes=\"auto, (max-width: 1024px) 100vw, 1024px\" \/><\/figure>\n","protected":false},"excerpt":{"rendered":"<p>Services de plomberie Lorsqu&#8217;il s&#8217;agit de vos besoins en mati\u00e8re de plomberie, nous sommes l\u00e0 pour vous. Cl\u00e9ment Bernasse Plomberie est sp\u00e9cialiste dans l&#8217;installation et la r\u00e9paration de syst\u00e8me de plomberie. Qu&#8217;il s&#8217;agisse de r\u00e9parer des fuites d&#8217;eau, de remplacer des chasses d&#8217;eau ou de sceller des joints, nous avons les comp\u00e9tences et l&#8217;exp\u00e9rience n\u00e9cessaires [&hellip;]<\/p>\n","protected":false},"author":1,"featured_media":0,"parent":0,"menu_order":0,"comment_status":"closed","ping_status":"closed","template":"","meta":{"footnotes":""},"class_list":["post-59","page","type-page","status-publish","hentry"],"_links":{"self":[{"href":"https:\/\/www.cbplomberie.re\/index.php\/wp-json\/wp\/v2\/pages\/59","targetHints":{"allow":["GET"]}}],"collection":[{"href":"https:\/\/www.cbplomberie.re\/index.php\/wp-json\/wp\/v2\/pages"}],"about":[{"href":"https:\/\/www.cbplomberie.re\/index.php\/wp-json\/wp\/v2\/types\/page"}],"author":[{"embeddable":true,"href":"https:\/\/www.cbplomberie.re\/index.php\/wp-json\/wp\/v2\/users\/1"}],"replies":[{"embeddable":true,"href":"https:\/\/www.cbplomberie.re\/index.php\/wp-json\/wp\/v2\/comments?post=59"}],"version-history":[{"count":14,"href":"https:\/\/www.cbplomberie.re\/index.php\/wp-json\/wp\/v2\/pages\/59\/revisions"}],"predecessor-version":[{"id":143,"href":"https:\/\/www.cbplomberie.re\/index.php\/wp-json\/wp\/v2\/pages\/59\/revisions\/143"}],"wp:attachment":[{"href":"https:\/\/www.cbplomberie.re\/index.php\/wp-json\/wp\/v2\/media?parent=59"}],"curies":[{"name":"wp","href":"https:\/\/api.w.org\/{rel}","templated":true}]}}